 of 245 and 7301?
49
Calculate the greatest common divisor of 121 and 22.
11
Calculate the greatest common divisor of 45 and 234.
9
Calculate the greatest common divisor of 3024 and 192.
48
What is the highest common divisor of 4347 and 2093?
161
Calculate the greatest common divisor of 33 and 77.
11
Calculate the greatest common factor of 16 and 564.
4
What is the highest common factor of 64 and 1312?
32
Calculate the highest common factor of 403 and 13.
13
What is the highest common divisor of 12 and 172?
4
What is the greatest common factor of 115 and 4945?
115
Calculate the greatest common divisor of 365 and 292.
73
What is the greatest common factor of 128 and 96?
32
Calculate the highest common factor of 3 and 1167.
3
Calculate the highest common divisor of 56 and 7.
7
What is the highest common factor of 38 and 4?
2
Calculate the highest common divisor of 60 and 8010.
30
Calculate the greatest common divisor of 105 and 560.
35
What is the greatest common factor of 144 and 9312?
48
Calculate the greatest common factor of 285 and 24130.
95
What is the highest common divisor of 55 and 3?
1
Calculate the greatest common divisor of 411 and 25345.
137
What is the highest common divisor of 665 and 38?
19
What is the greatest common factor of 928 and 12296?
232
Calculate the greatest common factor of 224 and 91.
7
What is the greatest common factor of 13979 and 7?
7
What is the greatest common divisor of 45 and 549?
9
Calculate the highest common factor of 180 and 1845.
45
What is the highest common factor of 190 and 200?
10
What is the greatest common factor of 2344 and 24?
8
What is the greatest common factor of 730 and 35?
5
What is the greatest common divisor of 1692 and 24?
12
What is the greatest common divisor of 168 and 1176?
168
What is the greatest common factor of 25 and 200?
25
Calculate the greatest common factor of 1414 and 112.
14
Calculate the highest common factor of 2 and 142.
2
Calculate the greatest common divisor of 2000 and 150.
50
What is the greatest common divisor of 85 and 136?
17
Calculate the highest common factor of 576 and 944.
16
Calculate the greatest common divisor of 45 and 72.
9
What is the highest common factor of 1445 and 459?
17
Calculate the highest common divisor of 3700 and 340.
20
What is the highest common divisor of 2 and 2842?
2
Calculate the greatest common divisor of 299 and 69.
23
Calculate the greatest common factor of 496 and 310.
62
Calculate the greatest common factor of 1302 and 6.
6
What is the greatest common factor of 200 and 175?
25
What is the greatest common divisor of 3875 and 31?
31
Calculate the highest common divisor of 9387 and 42.
21
Calculate the highest common factor of 35 and 595.
35
Calculate the highest common divisor of 996 and 12.
12
Calculate the highest common factor of 5359 and 233.
233
Calculate the greatest common divisor of 371 and 3286.
53
Calculate the highest common factor of 6942 and 6.
6
Calculate the highest common factor of 1092 and 3.
3
Calculate the greatest common divisor of 888 and 24.
24
What is the greatest common factor of 21 and 133?
7
Calculate the greatest common factor of 144 and 8496.
144
Calculate the highest common divisor of 6837 and 106.
53
What is the highest common factor of 44 and 891?
11
What is the greatest common divisor of 43 and 1763?
43
What is the highest common factor of 11039 and 19?
19
Calculate the highest common divisor of 17 and 51.
17
What is the highest common factor of 228 and 4500?
12
Calculate the highest common divisor of 72 and 28.
4
What is the highest common divisor of 93 and 434?
31
Calculate the greatest common divisor of 31 and 279.
31
Calculate the highest common divisor of 60 and 24.
12
Calculate the greatest common divisor of 101 and 2323.
101
What is the highest common factor of 1390 and 30?
10
Calculate the highest common factor of 44 and 2036.
4
Calculate the highest common factor of 1596 and 84.
84
What is the highest common factor of 57 and 969?
57
Calculate the greatest common divisor of 90 and 1440.
90
What is the highest common divisor of 45 and 5?
5
Calculate the greatest common factor of 2158 and 208.
26
What is the greatest common factor of 164 and 10947?
41
Calculate the greatest common divisor of 6854 and 46.
46
Calculate the highest common divisor of 14237 and 23.
23
What is the greatest common divisor of 54 and 14?
2
What is the greatest common factor of 96 and 1776?
48
Calculate the highest common factor of 1393 and 91.
7
Calculate the highest common factor of 90 and 90450.
90
What is the highest common factor of 61 and 61?
61
Calculate the highest common divisor of 1 and 1.
1
Calculate the highest common divisor of 99 and 1413.
9
What is the greatest common factor of 117 and 13?
13
What is the greatest common factor of 52 and 338?
26
What is the greatest common factor of 18 and 29142?
18
What is the greatest common divisor of 27 and 33?
3
Calculate the highest common factor of 136 and 8.
8
Calculate the greatest common divisor of 45 and 99.
9
Calculate the greatest common factor of 1 and 13.
1
What is the greatest common factor of 50 and 200?
50
What is the greatest common divisor of 50 and 6170?
10
What is the highest common divisor of 200 and 2225?
25
Calculate the highest common divisor of 51500 and 412.
412
Calculate the greatest common factor of 83 and 4.
1
Calculate the highest common factor of 374 and 539.
11
What is the highest common factor of 29390 and 10?
10
What is the highest common divisor of 315 and 180?
45
What is the highest common factor of 7704 and 288?
72
Calculate the greatest common divisor of 54 and 18981.
27
What is the highest common divisor of 2500 and 40?
20
What is the highest common factor of 13032 and 360?
72
What is the greatest common factor of 469 and 7?
7
Calculate the highest common factor of 630 and 105.
105
Calculate the highest common divisor of 657 and 9.
9
What is the greatest common divisor of 19 and 95?
19
What is the highest common factor of 1495 and 195?
65
What is the highest common divisor of 55 and 33?
11
What is the greatest common divisor of 26 and 2158?
26
What is the greatest common divisor of 12311 and 13?
13
What is the highest common factor of 108 and 837?
27
What is the greatest common factor of 387 and 301?
43
Calculate the highest common factor of 598 and 138.
46
What is the highest common divisor of 3888 and 216?
216
Calculate the highest common factor of 30 and 264.
6
Calculate the highest common divisor of 579 and 18142.
193
What is the greatest common factor of 18390 and 30?
30
What is the highest common divisor of 370 and 10?
10
What is the highest common factor of 4 and 11?
1
Calculate the highest common divisor of 127 and 3175.
127
What is the greatest common divisor of 214 and 321?
107
What is the highest common factor of 81 and 729?
81
What is the greatest common factor of 354 and 6?
6
What is the highest common divisor of 231 and 561?
33
Calculate the highest common divisor of 20 and 740.
20
Calculate the greatest common divisor of 956 and 7409.
239
What is the greatest common divisor of 10962 and 42?
42
What is the highest common factor of 8551 and 34?
17
Calculate the highest common divisor of 437 and 2660.
19
What is the highest common divisor of 66 and 759?
33
Calculate the highest common factor of 72 and 15.
3
What is the greatest common factor of 294 and 84?
42
What is the greatest common divisor of 388 and 2813?
97
What is the highest common factor of 2485 and 70?
35
What is the highest common factor of 18470 and 10?
10
Calculate the greatest common factor of 1377 and 51.
51
What is the greatest common factor of 35 and 812?
7
What is the greatest common factor of 50 and 175?
25
What is the greatest common divisor of 8 and 13064?
8
What is the greatest common divisor of 5117 and 344?
43
What is the highest common divisor of 31 and 5487?
31
Calculate the highest common divisor of 3000 and 24.
24
What is the highest common divisor of 1173 and 493?
17
Calculate the highest common divisor of 50 and 330.
10
What is the highest common divisor of 102 and 3120?
6
What is the highest common divisor of 533 and 143?
13
What is the greatest common divisor of 25 and 45?
5
What is the greatest common divisor of 1725 and 175?
25
Calcula